 -5*q = 5 + 10. Is r(q) composite?
False
Let y be (-15)/25 - 6798/(-5). Let p = y - 942. Let j = p - 194. Is j composite?
False
Let g be (1/2)/(2 - (-16881)/(-8442)). Suppose -4*x + 20 = 0, 426 = -n + 2*x + g. Is n a composite number?
False
Let t(l) = -99*l**3 + 3*l**2 + 2*l - 1. Let m = 35 + -34. Let q(y) = y**2 - 4*y + 1. Let o be q(m). Is t(o) prime?
False
Let p be (-4)/(4 - 22/5). Let m be (-2)/p - (-2)/10. Suppose 2*w + 220 - 1098 = m. Is w prime?
True
Let g = -315 - -2717. Is g a prime number?
False
Let l(s) = 1248*s**2 - 61*s + 6. Is l(-5) prime?
True
Is 1018 + (-7 - -6) + -8 a prime number?
True
Suppose 0 = -2*c - 3*c - 5. Let f be 2 - 2 - (-2 + c). Suppose -8 = -v - f, -96 = -w + 3*v. Is w prime?
False
Suppose 6679 = 6*k - 21983. Is k a prime number?
False
Let j be 0 + (0 - 0) + 54. Let o be (42/(-15))/((3/10)/(-3)). Let p = j - o. Is p a prime number?
False
Let a(t) = -123*t - 3. Let k(i) = -82*i - 2. Let u(s) = -5*a(s) + 7*k(s). Let y be (1*-3)/((-9)/6). Is u(y) a prime number?
True
Let r be ((-225)/10)/(-9)*-10. Is (-16380)/r - 2/10 a prime number?
False
Let z(u) = 20 - 52 - u + 23 + 25. Let x be z(18). Is 254/(-6)*(x - 1) a prime number?
True
Let j be (0 - 0/(-1))/(-2). Suppose 3*d - 6 = 0, -3*a + 7*a + 4*d - 16 = j. Suppose 0 = -4*x + 5*z + 644, 3*x + a*z = -2*z + 483. Is x a prime number?
False
Suppose 3*p - 2989 = -3*o + 4445, -p + 2*o = -2481. Is p composite?
True
Suppose 16*m = 12*m + 12. Is (-3 - 777/m)/(-4 + 2) composite?
False
Let g be (-15490)/(-1) + -3 + -2. Suppose 0 = 3*d - a - g, -4*a + 15505 = 8*d - 5*d. Is d prime?
False
Suppose 36*m - 21768 = 28*m. Is m prime?
False
Suppose -40540 = -4*s + 2*z, -18*s + 22*s + 3*z - 40520 = 0. Is s prime?
True
Is 8661 + 0 - (-10 - 36/(-6)) prime?
False
Let v(w) = w**3 + w**2 + w - 1. Let b be v(-2). Let i = b - -18. Suppose -t - i = -234. Is t a prime number?
True
Let x(j) be the first derivative of 5*j**2/2 + 13*j + 44. Let l = 8 - 0. Is x(l) a prime number?
True
Let y be (-2 - -4 - 4) + -4. Is ((-1336)/2)/(3 + y + 1) a prime number?
False
Let d(h) = 6*h - 253. Let r(s) = s - 1. Let j(b) = -d(b) + 2*r(b). Is j(0) prime?
True
Suppose -19 - 11 = -2*f. Suppose -3*o = -8*o + f, 2*d = -4*o + 28. Let v = d - -15. Is v a prime number?
True
Suppose 230759 = 47*y - 24*y. Is y composite?
True
Let u = -4228 - -11267. Is u a prime number?
True
Let z(y) = -7 + y**3 + 15*y - y - 2*y**3 - 5*y - 11*y**2. Let w be z(-10). Let b = 316 + w. Is b a composite number?
True
Suppose 2*r - 2*q - 9 - 1 = 0, 0 = -4*r - q + 20. Suppose 0 = -2*o - 2*n + 238, r*o = 7*o + 3*n - 238. Is o a prime number?
False
Let l(g) = -2*g - 1. Let k be l(2). Let c(d) = -255*d + 2. Is c(k) a prime number?
True
Let d(r) = -239*r**2 + 1. Let z be d(1). Let l = z - -779. Is l a prime number?
True
Let c(g) = g - 15. Let j be c(7). Let o(b) = 11*b**2 - 9*b + 11. Is o(j) a composite number?
False
Let y = 40 - 34. Let k be (-8)/4 + (y - 1). Suppose k*n + 5*m - 3168 = 0, 3*m - 4946 = -4*n - 711. Is n a prime number?
True
Suppose -36*m + 34*m - 226 = 0. Let a = m + 486. Is a a composite number?
False
Suppose 0 = -75*l + 76*l - 2437. Is l prime?
True
Suppose 0*a = 3*a + 57. Let y(o) = o**2 - 7*o - 15. Is y(a) prime?
True
Let n be ((-8)/(-20))/(2/2130). Let s = 1304 - n. Is s a composite number?
True
Let a be 3/4 - 6890/(-8). Let r = -249 + a. Is r a composite number?
False
Let d be 2/(-9)*1884*3/(-2). Suppose 3*x - 2*a = x + 642, 5*a = -2*x + d. Is x composite?
True
Let t = 11562 + -875. Is t prime?
True
Let m be (0 + 3)/(6/8). Let w = m - -135. Is w a composite number?
False
Let w be ((-3)/(-9) + -1)*-9. Suppose w*y = 3*y. Suppose y = 4*n - 1 - 27. Is n a composite number?
False
Is (-1 + 2)/(21/236271) a prime number?
True
Let q(p) = -4610*p**3 + 2*p**2 + 4*p + 1. Let a be q(-1). Suppose 9*d + 2*d = a. Is d composite?
False
Let z(t) = -68*t**2 - 10*t + 12. Let q be z(-10). Is q/(-33) + 2/6 a prime number?
False
Let j(t) = -577*t**2 - 31*t + 157. Let c(q) = 144*q**2 + 8*q - 39. Let z(w) = 9*c(w) + 2*j(w). Is z(5) composite?
True
Let i = 17192 - -1239. Is i composite?
True
Suppose 80007 = 35*o - 66748. Is o a composite number?
True
Let d(k) = k**2 + 12. Let i be d(0). Suppose 0 = 4*p + c - i, 0 = -5*p + 3*c - 1 + 33. Suppose p*a - 130 = 2*a. Is a a prime number?
False
Let f(w) = -28*w - 4. Let n be f(12). Let v = n + 593. Is v a prime number?
False
Let w(l) = -l**3 + 2*l + 3. Let a be w(0). Is 63/6*346/a a composite number?
True
Suppose -b - 120 = 3*m + 25, 5*m + b + 239 = 0. Let h = m - -70. Is h composite?
False
Let k(v) = -v**2 + 21*v + 5557. Is k(0) a prime number?
True
Suppose 2*i + 0*i = 4*n + 166, -168 = -2*i + 5*n. Let j = 3 + 0. Suppose j*z - i = -10. Is z prime?
True
Suppose -5*j + 82 = 5*v - 3*v, v - 46 = -5*j. Suppose -a = 5*s + v, -2*s + 16 = -2*a + 2*s. Is (-1 - 20/a)*316 a composite number?
False
Let a(g) = -1 - 2*g**3 - 14*g + 0*g**3 + 0*g**3. Is a(-5) prime?
False
Let u(h) = 328 - 2*h**2 - h**2 + 6*h + 4*h**2 + 189. Is u(0) a composite number?
True
Let m(b) = -2*b**2 + 5*b + 6. Let t be m(5). Let p(l) = l**2 + 12*l + 16. Is p(t) prime?
True
Suppose 0 = -26*y + 27*y - 74. Is y prime?
False
Suppose 109192 = 988*n - 980*n. Is n a composite number?
False
Let p = -4 + 49. Is 2/(-10) + 954/p a prime number?
False
Suppose 13*u + u - 115486 = 0. Is u a composite number?
True
Let t(s) = 5*s**2 + 8*s - 11. Let m be t(6). Let l(u) = u**2 + 7*u + 2. Let o be l(-7). Suppose -m = -o*k + 209. Is k a composite number?
True
Let t = -19 + 25. Suppose t*z + 40 = z. Is 487/3 - z/12 a prime number?
True
Let w be 20/(-8)*92/(-5). Suppose -k + w = 2*t - 27, 0 = -3*t + 2*k + 113. Is t composite?
False
Is 1 - (-175452)/26 - (-292)/(-1898) prime?
False
Let u(f) = 998*f**2 + 26*f + 31. Is u(-6) a composite number?
False
Let a = -16 - -18. Suppose -a*o - 30 = -4*b, 2*b = -2*b - o + 21. Is (1174/b)/(14/42) prime?
True
Let v = -429 - -1336. Is v prime?
True
Let j be 57102/39 + 4/(-26). Suppose 2*m - 4*r = 590, 5*m - j = r - 2*r. Is m prime?
True
Let c = 19030 - 10698. Suppose 23*i - 142111 - c = 0. Is i a prime number?
False
Suppose -3*s - 143 - 172 = 0. Let d = s - -167. Suppose -657 = -5*x - d. Is x a prime number?
False
Suppose -6*l + 7662 - 1188 = 0. Suppose -4*r - l = -15619. Is r a composite number?
True
Let r = -42 + 98. Is 47/(-2)*(-9)/(36/r) prime?
False
Suppose 13*p = 2*g + 15*p - 2112, -p = -5*g + 5310. Is g a prime number?
True
Let t(p) = -1986*p + 34. Is t(-4) composite?
True
Let a(r) = 5*r**2 + 3*r - 2. Let g(x) = -x**2. Let m(j) = -a(j) - 4*g(j). Let n be m(-3). Is -2 - (n + -1*221) prime?
False
Suppose 0 = -2*d + 2*a + 50, 4*d - 3*a - 102 = -7. Is 4/d - 2824/(-5) prime?
False
Is 103 - (-6)/5*5 prime?
True
Suppose -4*q + 15392 + 35636 = 0. Is q a composite number?
False
Let k = 66 - 65. Is 0/k - (-3)/6*1678 composite?
False
Let y(w) = w**3 + 3*w**2 + w + 3. Let s be y(-3). Suppose -f = -s*f. Suppose 3*t + 0*t - 573 = f. Is t composite?
False
Suppose -5*q = 2*i - 665025, -8*q - 665050 = -13*q + 3*i. Is q prime?
False
Let h(q) = -5750*q - 37. Is h(-10) composite?
True
Let d(k) = 4*k**3 - 64*k**2 - 11*k + 44. Is d(21) composite?
True
Let x be 2/2*4 + 0. Suppose 3 = -x*u + 107. Is u composite?
True
Let b = -11 + 17. Let f(o) = o**3 - 5*o**2 - 4*o - 8. Let y be f(b). Is y/8 + 354/4 a composite number?
False
Let g = 44 - 329. Let o = -198 - g. Is o a composite number?
True
Suppose 0 = -a - 5*n + 40, -6*n + 3*n = 5*a - 244. Let r be (1 + -3)/(0 + (-1)/2770). Is r/a + (-1)/(-5) prime?
False
Suppose 2*y + 0 - 4 = 0. Suppose 0 = a - y*a. Suppose -r + g = -a*r - 17, 58 = 2*r + 4*g. Is r composite?
True
Is 3/9 - (-5 + (-46594)/6) composite?
True
Let o(u) = 4*u + 3. Suppose -11 = 2*t + 33. Let z = t + 29. Is o(z) prime?
True
Let z = 55 + -55. Suppose 2*d - 3*f - 2957 = z, -2*d - 2*f + 2953 = -f. Is d prime?
False
Suppose -4*u = 5 + 15, -2*k - u = -1289. Is k a prime number?
True
Let u(w) = 428*w + 45. Let m be u(-6). Let k = 3964 + m. Is k a prime number?
False
Let d be ((-2)/(-4))/(2/748) - 0. Suppose -d = -2*v + 331. Is v a composite number?
True
Let n = 618 + 1603. Is n composite?
False
Let q(r) be the second derivative of -19*r**5/10 - r**4/6 - r**3/6 + r**2/2 - 5*r. Let d(s) = -s**3 + 4*s**2 - s + 2. Let j be d(4). Is q(j) a composite num